
Is 15167096221 prime?
False
Is 5227475123 a composite number?
True
Is 101971508341 prime?
False
Is 1108537811 a composite number?
True
Is 30586345487 prime?
True
Is 1039119143 composite?
False
Is 29480387411 composite?
False
Is 21428470619 prime?
True
Is 2576062529 composite?
True
Is 13927138723 prime?
False
Is 7655943989 a prime number?
True
Is 2399271713 a prime number?
True
Is 3497524441 a prime number?
False
Is 31358109073 a composite number?
True
Is 1163461451 a prime number?
False
Is 24659905769 prime?
False
Is 2870425901 a prime number?
False
Is 13074709 composite?
True
Is 74334919649 a prime number?
True
Is 5061689447 a prime number?
True
Is 18977049127 composite?
False
Is 9481093 prime?
False
Is 730231561 composite?
True
Is 10695944561 composite?
True
Is 12597228113 prime?
True
Is 19363480481 a composite number?
False
Is 8285347139 composite?
False
Is 66336912241 a composite number?
False
Is 438323261 prime?
True
Is 1720963409 a prime number?
False
Is 3787352011 prime?
True
Is 1215645527 a composite number?
True
Is 2372108797 prime?
True
Is 2525429009 prime?
True
Is 9110524193 composite?
False
Is 369812269 a composite number?
False
Is 157282051 composite?
True
Is 7884421 prime?
False
Is 1938540673 composite?
True
Is 3319012787 a prime number?
True
Is 128225903 a composite number?
True
Is 3419022835 a composite number?
True
Is 9843528221 prime?
True
Is 19052871109 a composite number?
False
Is 1531559759 a prime number?
False
Is 40771548071 a composite number?
False
Is 4241662531 composite?
False
Is 224207869319 prime?
False
Is 388228277 a composite number?
False
Is 1036664753 a composite number?
True
Is 3910846217 a composite number?
False
Is 622166927 composite?
True
Is 9717367669 prime?
True
Is 1636174997 a composite number?
True
Is 18549537359 a prime number?
True
Is 1427612143 a composite number?
False
Is 10406926181 prime?
True
Is 146099491 a prime number?
True
Is 1229151761 composite?
False
Is 18354697 a composite number?
True
Is 58658538971 a composite number?
True
Is 297866753 prime?
True
Is 618446399 a prime number?
True
Is 328964581 prime?
False
Is 1528446859 prime?
False
Is 66431135321 prime?
True
Is 871512685 a composite number?
True
Is 119523576527 prime?
False
Is 3099288527 a prime number?
True
Is 3422054813 prime?
True
Is 5095544911 prime?
False
Is 2277281549 a prime number?
True
Is 9625785523 a composite number?
False
Is 84907029029 composite?
True
Is 645060541 prime?
True
Is 24395587 a prime number?
True
Is 1697206013 composite?
False
Is 27484809239 prime?
True
Is 78146193649 composite?
True
Is 987776213 a prime number?
False
Is 3075665305 composite?
True
Is 7525882019 a prime number?
True
Is 153010861 a composite number?
True
Is 348661081 prime?
False
Is 2000814929 composite?
True
Is 290764423 a composite number?
True
Is 6850085897 composite?
False
Is 4103478901 composite?
False
Is 15201096263 a prime number?
True
Is 1830964439 prime?
False
Is 10111163399 prime?
True
Is 3678143927 a composite number?
True
Is 35768952707 a composite number?
False
Is 53326249 a composite number?
False
Is 340581607 prime?
True
Is 44374037 prime?
True
Is 776563157 a composite number?
True
Is 13672133473 composite?
True
Is 17557309873 a prime number?
False
Is 1810970071 a prime number?
True
Is 31773781 prime?
False
Is 38323660241 prime?
True
Is 3470561581 a composite number?
False
Is 1665099443 prime?
False
Is 24829135937 a composite number?
False
Is 6427081105 composite?
True
Is 92182513 a composite number?
False
Is 65583489901 a composite number?
False
Is 158749970089 a prime number?
False
Is 7969929251 a composite number?
False
Is 2196810853 a prime number?
False
Is 295530779 a composite number?
False
Is 334551247003 a composite number?
True
Is 198568295 a prime number?
False
Is 13186315118 a prime number?
False
Is 10682225399 a composite number?
False
Is 688972903031 a prime number?
False
Is 866900933 composite?
False
Is 362330167 a composite number?
False
Is 38148361343 composite?
True
Is 2820793639 a composite number?
True
Is 7614315341 composite?
True
Is 325752089 composite?
True
Is 1641157523 composite?
False
Is 8754006467 a composite number?
True
Is 509513747 prime?
False
Is 234648503 prime?
False
Is 16422540599 a composite number?
True
Is 90498899 a composite number?
False
Is 568015937 a composite number?
False
Is 16147055077 a composite number?
True
Is 34107774689 prime?
True
Is 3857470549 composite?
False
Is 8868036841 prime?
False
Is 1833313291 composite?
False
Is 257108099 composite?
True
Is 129211865411 a composite number?
False
Is 3634183907 prime?
True
Is 515384239 a composite number?
True
Is 30083489857 a prime number?
False
Is 6278427011 a composite number?
True
Is 3721813367 composite?
True
Is 801615811 a composite number?
False
Is 36952601929 a prime number?
True
Is 60737676569 a composite number?
True
Is 20295427351 composite?
False
Is 52453123 prime?
False
Is 312813643 prime?
True
Is 14345351609 a prime number?
False
Is 780515053 composite?
False
Is 2219643629 a prime number?
False
Is 77461603 a prime number?
True
Is 51693419593 prime?
True
Is 8535799177 composite?
True
Is 53978484893 prime?
False
Is 83893435607 a prime number?
False
Is 10630572494 a composite number?
True
Is 298664999 a prime number?
False
Is 22636414399 composite?
True
Is 894402241 a composite number?
True
Is 291727427 a composite number?
True
Is 271621651357 a composite number?
True
Is 1214005769 prime?
False
Is 33749757061 composite?
True
Is 1153891291 composite?
True
Is 31400367407 a composite number?
False
Is 4091525051 a composite number?
True
Is 25122002063 a prime number?
True
Is 4508608109 a prime number?
True
Is 5206260937 prime?
True
Is 747567541 prime?
False
Is 641779543 composite?
True
Is 19697059307 a composite number?
False
Is 1425498067 prime?
False
Is 86392217 a prime number?
False
Is 59548790423 prime?
False
Is 31200435911 a prime number?
True
Is 87850619 prime?
True
Is 252433537 prime?
True
Is 28432990801 a composite number?
True
Is 1305511201 a composite number?
True
Is 284376707 a composite number?
True
Is 41499340117 prime?
False
Is 2979922195 a composite number?
True
Is 138298123 a prime number?
True
Is 907499651 composite?
False
Is 6208982357 a composite number?
False
Is 32403075109 composite?
False
Is 21453419 composite?
True
Is 87631987793 a prime number?
False
Is 80539889273 prime?
False
Is 4441564003 composite?
False
Is 487091477 composite?
True
Is 3089954717 a prime number?
True
Is 67209873691 a composite number?
True
Is 17150116513 composite?
True
Is 358563103 composite?
False
Is 2954590537 a prime number?
False
Is 37551016021 a composite number?
False
Is 300559241 a composite number?
False
Is 68924731 a composite number?
True
Is 4864808537 a prime number?
True
Is 7185451921 a composite number?
True
Is 29127715781 a composite number?
True
Is 277617287 a composite number?
False
Is 1532109641 a composite number?
True
Is 759257957 composite?
False
Is 14150090693 prime?
False
Is 17410181507 prime?
True
Is 4062905161 composite?
True
Is 155788267 composite?
False
Is 116994879163 prime?
True
Is 93624539 a prime number?
True
Is 5051961863 composite?
True
Is 16251693079 a prime number?
True
Is 4006203497 prime?
False
Is 2765490689 a prime number?
False
Is 812508119 a composite number?
True
Is 847402291 a composite number?
False
Is 730922107 a composite number?
True
Is 16907829949 composite?
True
Is 110035561561 composite?
True
Is 314948729873 a prime number?
False
Is 15864693661 a prime number?
True
Is 3440817383 prime?
False
Is 225604686331 prime?
False
Is 7113082813 a prime number?
False
Is 6028950595 a composite number?
True
Is 6132205753 prime?
False
Is 6688524487 composite?
False
Is 77650299091 prime?
True
Is 100576439 prime?
True
Is 119977807 composite?
True
Is 7840629437 prime?
True
Is 7068404783 composite?
True
Is 854785387 prime?
True
Is 95141539 a prime number?
True
Is 87297830461 a composite number?
True
Is 28585484773 a composite number?
True
Is 303233993 prime?
True
Is 260687783 composite?
True
Is 5045136146 a composite number?
True
Is 715164467 a prime number?
True
Is 1427718977 prime?
True
Is 189444912931 prime?
True
Is 8111561 prime?
False
Is 298573433 prime?
False
Is 638178467 prime?
False
Is 1755442303 a 